{"id":7,"date":"2023-04-17T15:14:32","date_gmt":"2023-04-17T13:14:32","guid":{"rendered":"http:\/\/domaine-des-essarts.com\/?page_id=7"},"modified":"2024-05-07T08:08:11","modified_gmt":"2024-05-07T08:08:11","slug":"accueil-domaine-des-essarts-vins-danjou","status":"publish","type":"page","link":"https:\/\/domaine-des-essarts.com\/","title":{"rendered":"Accueil"},"content":{"rendered":"\n<p class=\"has-text-color has-medium-font-size\" style=\"color:#e6007e\"><strong>Bienvenue au domaine des Essarts<\/strong><\/p>\n\n\n\n<p class=\"has-small-font-size\">Au c\u0153ur du Val de Loire, le Domaine des Essarts s&rsquo;\u00e9tend sur 40 hectares sur les coteaux de 3 communes, Chaudefonds sur Layon, Chalonnes sur Loire et St Lambert du Lattay. Gr\u00e2ce \u00e0 notre savoir-faire et un travail minutieux, nous vous proposons des vins d&rsquo;Anjou authentiques qui expriment la richesse de nos diff\u00e9rents terroirs<\/p>\n\n\n\n<p class=\"has-text-align-center has-background has-small-font-size\" style=\"background-color:#e6007e52\">Nous vous accueillons au domaine <strong>SUR RENDEZ-VOUS<\/strong><br>du Lundi au Vendredi de 10h \u00e0 18h30 et le Samedi de 9h \u00e0 12h30<br>(Ferm\u00e9 dimanche et jours f\u00e9ri\u00e9s)<\/p>\n\n\n\n<p><\/p>\n\n\n\n<div class=\"wp-block-columns is-layout-flex wp-container-core-columns-is-layout-9d6595d7 wp-block-columns-is-layout-flex\">\n<div class=\"wp-block-column has-background is-layout-flow wp-block-column-is-layout-flow\" style=\"background-color:#e5e5e5\">\n<figure class=\"wp-block-image\"><a href=\"https:\/\/www.domaine-des-essarts.com\/domaine\/\"><img fetchpriority=\"high\" decoding=\"async\" width=\"500\" height=\"350\" src=\"https:\/\/www.domaine-des-essarts.com\/wp-content\/uploads\/2023\/04\/domaine.jpg\" alt=\"Domaine des Essarts - Chaudefonds sur Layon\" class=\"wp-image-275\" srcset=\"https:\/\/domaine-des-essarts.com\/wp-content\/uploads\/2023\/04\/domaine.jpg 500w, https:\/\/domaine-des-essarts.com\/wp-content\/uploads\/2023\/04\/domaine-300x210.jpg 300w\" sizes=\"(max-width: 500px) 100vw, 500px\" \/><\/a><\/figure>\n\n\n\n<p class=\"has-background has-small-font-size\" style=\"background-color:#e5e5e5;font-style:normal;font-weight:400\"><br><strong>DOMAINE<br><\/strong>Au Domaine des Essarts, nous sommes Vigneron, de vins d&rsquo;Anjou, de p\u00e8re en fils depuis 4 g\u00e9n\u00e9rations. Olivier a repris le domaine familial en 1994. Une vingtaine d&rsquo;ann\u00e9es apr\u00e8s, il s&rsquo;\u00e9tend sur pr\u00e8s de 40 hectares au c\u0153ur du Vignoble de l&rsquo;Anjou\u2026<\/p>\n\n\n\n<p class=\"has-text-align-right has-text-color has-background has-small-font-size\" style=\"color:#e6007e;background-color:#e5e5e5;font-style:normal;font-weight:300\"><em><a href=\"https:\/\/domaine-des-essarts.com\/index.php\/domaine\/\">Lire la suite\u2026<\/a><\/em><\/p>\n<\/div>\n\n\n\n<div class=\"wp-block-column has-background is-layout-flow wp-block-column-is-layout-flow\" style=\"background-color:#e5e5e5\">\n<figure class=\"wp-block-image size-full\"><a href=\"https:\/\/www.domaine-des-essarts.com\/vins\/\"><img decoding=\"async\" width=\"500\" height=\"350\" src=\"https:\/\/www.domaine-des-essarts.com\/wp-content\/uploads\/2023\/04\/vins.jpg\" alt=\"Vins d'Anjou - Coteaux du Layon - Blancs secs - Ros\u00e9s - Rouges - Cr\u00e9mant de Loire - M\u00e9thode traditionnelle\" class=\"wp-image-273\" srcset=\"https:\/\/domaine-des-essarts.com\/wp-content\/uploads\/2023\/04\/vins.jpg 500w, https:\/\/domaine-des-essarts.com\/wp-content\/uploads\/2023\/04\/vins-300x210.jpg 300w\" sizes=\"(max-width: 500px) 100vw, 500px\" \/><\/a><\/figure>\n\n\n\n<p class=\"has-background has-small-font-size\" style=\"background-color:#e5e5e5;font-style:normal;font-weight:400\"><br><strong>VINS<\/strong><br>Au Domaine des Essarts, nous produisons des vins d&rsquo;Anjou tels que le Cabernet d&rsquo;Anjou, l&rsquo;Anjou Rouge, les Coteaux du Layon, Cr\u00e9mant de Loire, et bien d&rsquo;autres encore\u2026<\/p>\n\n\n\n<p class=\"has-text-align-right has-text-color has-background has-small-font-size\" style=\"color:#e6007e;background-color:#e5e5e5;font-style:normal;font-weight:300\"><em><a href=\"https:\/\/domaine-des-essarts.com\/index.php\/vins\/\">Lire la suite\u2026<\/a><\/em><\/p>\n<\/div>\n\n\n\n<div class=\"wp-block-column has-background is-layout-flow wp-block-column-is-layout-flow\" style=\"background-color:#e5e5e5\">\n<figure class=\"wp-block-image size-full\"><a href=\"https:\/\/www.domaine-des-essarts.com\/actualites\/\"><img decoding=\"async\" width=\"500\" height=\"350\" src=\"https:\/\/www.domaine-des-essarts.com\/wp-content\/uploads\/2023\/04\/actualite.jpg\" alt=\"Actualit\u00e9s du domaine des Essarts - Vins d'Anjou \u00e0 Chaudefonds sur Layon\" class=\"wp-image-274\" srcset=\"https:\/\/domaine-des-essarts.com\/wp-content\/uploads\/2023\/04\/actualite.jpg 500w, https:\/\/domaine-des-essarts.com\/wp-content\/uploads\/2023\/04\/actualite-300x210.jpg 300w\" sizes=\"(max-width: 500px) 100vw, 500px\" \/><\/a><\/figure>\n\n\n\n<p class=\"has-background has-small-font-size\" style=\"background-color:#e5e5e5;font-style:normal;font-weight:400\"><br><strong>ACTUALITE<\/strong><br>Des vignes au chais, en passant par le caveau, et en parcourant les routes de France, il n&rsquo;est gu\u00e8re de temps qui ne soit consacr\u00e9 au vignoble, \u00e0 nos vins d&rsquo;Anjou et \u00e0 l&rsquo;amour de notre m\u00e9tier\u2026<\/p>\n\n\n\n<p class=\"has-text-align-right has-text-color has-background has-small-font-size\" style=\"color:#e6007e;background-color:#e5e5e5;font-style:normal;font-weight:300\"><em><a href=\"https:\/\/domaine-des-essarts.com\/index.php\/actualites\/\">Lire la suite\u2026<\/a><\/em><\/p>\n<\/div>\n<\/div>\n","protected":false},"excerpt":{"rendered":"<p>Bienvenue au domaine des Essarts Au c\u0153ur du Val de Loire, le Domaine des Essarts s&rsquo;\u00e9tend sur 40 hectares sur les coteaux de 3 communes, Chaudefonds sur Layon, Chalonnes sur Loire et St Lambert du Lattay. Gr\u00e2ce \u00e0 notre savoir-faire et un travail minutieux, nous vous proposons des vins d&rsquo;Anjou authentiques qui expriment la richesse &hellip; <a href=\"https:\/\/domaine-des-essarts.com\/\" class=\"more-link\">Continue reading <span class=\"screen-reader-text\">Accueil<\/span> <span class=\"meta-nav\">&rarr;<\/span><\/a><\/p>\n","protected":false},"author":1,"featured_media":255,"parent":0,"menu_order":0,"comment_status":"closed","ping_status":"closed","template":"page-templates\/full-width.php","meta":{"footnotes":""},"class_list":["post-7","page","type-page","status-publish","has-post-thumbnail","hentry"],"yoast_head":"<!-- This site is optimized with the Yoast SEO plugin v27.2 - https:\/\/yoast.com\/product\/yoast-seo-wordpress\/ -->\n<title>Domaine des Essarts - Vins d&#039;Anjou Chaudefonds sur Layon<\/title>\n<meta name=\"description\" content=\"Au c\u0153ur du Val de Loire, le Domaine des Essarts vous propose des vins d&#039;Anjou authentiques qui expriment la richesse de nos terroirs.\" \/>\n<meta name=\"robots\" content=\"index, follow, max-snippet:-1, max-image-preview:large, max-video-preview:-1\" \/>\n<link rel=\"canonical\" href=\"https:\/\/domaine-des-essarts.com\/\" \/>\n<meta property=\"og:locale\" content=\"fr_FR\" \/>\n<meta property=\"og:type\" content=\"article\" \/>\n<meta property=\"og:title\" content=\"Domaine des Essarts - Vins d&#039;Anjou Chaudefonds sur Layon\" \/>\n<meta property=\"og:description\" content=\"Au c\u0153ur du Val de Loire, le Domaine des Essarts vous propose des vins d&#039;Anjou authentiques qui expriment la richesse de nos terroirs.\" \/>\n<meta property=\"og:url\" content=\"https:\/\/domaine-des-essarts.com\/\" \/>\n<meta property=\"og:site_name\" content=\"Domaine des Essarts\" \/>\n<meta property=\"article:modified_time\" content=\"2024-05-07T08:08:11+00:00\" \/>\n<meta property=\"og:image\" content=\"https:\/\/domaine-des-essarts.com\/wp-content\/uploads\/2023\/04\/accueil1.jpg\" \/>\n\t<meta property=\"og:image:width\" content=\"1038\" \/>\n\t<meta property=\"og:image:height\" content=\"280\" \/>\n\t<meta property=\"og:image:type\" content=\"image\/jpeg\" \/>\n<meta name=\"twitter:card\" content=\"summary_large_image\" \/>\n<meta name=\"twitter:label1\" content=\"Dur\u00e9e de lecture estim\u00e9e\" \/>\n\t<meta name=\"twitter:data1\" content=\"2 minutes\" \/>\n<script type=\"application\/ld+json\" class=\"yoast-schema-graph\">{\"@context\":\"https:\/\/schema.org\",\"@graph\":[{\"@type\":\"WebPage\",\"@id\":\"https:\/\/domaine-des-essarts.com\/\",\"url\":\"https:\/\/domaine-des-essarts.com\/\",\"name\":\"Domaine des Essarts - Vins d'Anjou Chaudefonds sur Layon\",\"isPartOf\":{\"@id\":\"https:\/\/www.domaine-des-essarts.com\/#website\"},\"primaryImageOfPage\":{\"@id\":\"https:\/\/domaine-des-essarts.com\/#primaryimage\"},\"image\":{\"@id\":\"https:\/\/domaine-des-essarts.com\/#primaryimage\"},\"thumbnailUrl\":\"https:\/\/domaine-des-essarts.com\/wp-content\/uploads\/2023\/04\/accueil1.jpg\",\"datePublished\":\"2023-04-17T13:14:32+00:00\",\"dateModified\":\"2024-05-07T08:08:11+00:00\",\"description\":\"Au c\u0153ur du Val de Loire, le Domaine des Essarts vous propose des vins d'Anjou authentiques qui expriment la richesse de nos terroirs.\",\"breadcrumb\":{\"@id\":\"https:\/\/domaine-des-essarts.com\/#breadcrumb\"},\"inLanguage\":\"fr-FR\",\"potentialAction\":[{\"@type\":\"ReadAction\",\"target\":[\"https:\/\/domaine-des-essarts.com\/\"]}]},{\"@type\":\"ImageObject\",\"inLanguage\":\"fr-FR\",\"@id\":\"https:\/\/domaine-des-essarts.com\/#primaryimage\",\"url\":\"https:\/\/domaine-des-essarts.com\/wp-content\/uploads\/2023\/04\/accueil1.jpg\",\"contentUrl\":\"https:\/\/domaine-des-essarts.com\/wp-content\/uploads\/2023\/04\/accueil1.jpg\",\"width\":1038,\"height\":280},{\"@type\":\"BreadcrumbList\",\"@id\":\"https:\/\/domaine-des-essarts.com\/#breadcrumb\",\"itemListElement\":[{\"@type\":\"ListItem\",\"position\":1,\"name\":\"Accueil\",\"item\":\"https:\/\/domaine-des-essarts.com\/\"},{\"@type\":\"ListItem\",\"position\":2,\"name\":\"Accueil\"}]},{\"@type\":\"WebSite\",\"@id\":\"https:\/\/www.domaine-des-essarts.com\/#website\",\"url\":\"https:\/\/www.domaine-des-essarts.com\/\",\"name\":\"Domaine des Essarts\",\"description\":\"Viticulteurs Maine et Loire\",\"potentialAction\":[{\"@type\":\"SearchAction\",\"target\":{\"@type\":\"EntryPoint\",\"urlTemplate\":\"https:\/\/www.domaine-des-essarts.com\/?s={search_term_string}\"},\"query-input\":{\"@type\":\"PropertyValueSpecification\",\"valueRequired\":true,\"valueName\":\"search_term_string\"}}],\"inLanguage\":\"fr-FR\"}]}<\/script>\n<!-- \/ Yoast SEO plugin. -->","yoast_head_json":{"title":"Domaine des Essarts - Vins d'Anjou Chaudefonds sur Layon","description":"Au c\u0153ur du Val de Loire, le Domaine des Essarts vous propose des vins d'Anjou authentiques qui expriment la richesse de nos terroirs.","robots":{"index":"index","follow":"follow","max-snippet":"max-snippet:-1","max-image-preview":"max-image-preview:large","max-video-preview":"max-video-preview:-1"},"canonical":"https:\/\/domaine-des-essarts.com\/","og_locale":"fr_FR","og_type":"article","og_title":"Domaine des Essarts - Vins d'Anjou Chaudefonds sur Layon","og_description":"Au c\u0153ur du Val de Loire, le Domaine des Essarts vous propose des vins d'Anjou authentiques qui expriment la richesse de nos terroirs.","og_url":"https:\/\/domaine-des-essarts.com\/","og_site_name":"Domaine des Essarts","article_modified_time":"2024-05-07T08:08:11+00:00","og_image":[{"width":1038,"height":280,"url":"https:\/\/domaine-des-essarts.com\/wp-content\/uploads\/2023\/04\/accueil1.jpg","type":"image\/jpeg"}],"twitter_card":"summary_large_image","twitter_misc":{"Dur\u00e9e de lecture estim\u00e9e":"2 minutes"},"schema":{"@context":"https:\/\/schema.org","@graph":[{"@type":"WebPage","@id":"https:\/\/domaine-des-essarts.com\/","url":"https:\/\/domaine-des-essarts.com\/","name":"Domaine des Essarts - Vins d'Anjou Chaudefonds sur Layon","isPartOf":{"@id":"https:\/\/www.domaine-des-essarts.com\/#website"},"primaryImageOfPage":{"@id":"https:\/\/domaine-des-essarts.com\/#primaryimage"},"image":{"@id":"https:\/\/domaine-des-essarts.com\/#primaryimage"},"thumbnailUrl":"https:\/\/domaine-des-essarts.com\/wp-content\/uploads\/2023\/04\/accueil1.jpg","datePublished":"2023-04-17T13:14:32+00:00","dateModified":"2024-05-07T08:08:11+00:00","description":"Au c\u0153ur du Val de Loire, le Domaine des Essarts vous propose des vins d'Anjou authentiques qui expriment la richesse de nos terroirs.","breadcrumb":{"@id":"https:\/\/domaine-des-essarts.com\/#breadcrumb"},"inLanguage":"fr-FR","potentialAction":[{"@type":"ReadAction","target":["https:\/\/domaine-des-essarts.com\/"]}]},{"@type":"ImageObject","inLanguage":"fr-FR","@id":"https:\/\/domaine-des-essarts.com\/#primaryimage","url":"https:\/\/domaine-des-essarts.com\/wp-content\/uploads\/2023\/04\/accueil1.jpg","contentUrl":"https:\/\/domaine-des-essarts.com\/wp-content\/uploads\/2023\/04\/accueil1.jpg","width":1038,"height":280},{"@type":"BreadcrumbList","@id":"https:\/\/domaine-des-essarts.com\/#breadcrumb","itemListElement":[{"@type":"ListItem","position":1,"name":"Accueil","item":"https:\/\/domaine-des-essarts.com\/"},{"@type":"ListItem","position":2,"name":"Accueil"}]},{"@type":"WebSite","@id":"https:\/\/www.domaine-des-essarts.com\/#website","url":"https:\/\/www.domaine-des-essarts.com\/","name":"Domaine des Essarts","description":"Viticulteurs Maine et Loire","potentialAction":[{"@type":"SearchAction","target":{"@type":"EntryPoint","urlTemplate":"https:\/\/www.domaine-des-essarts.com\/?s={search_term_string}"},"query-input":{"@type":"PropertyValueSpecification","valueRequired":true,"valueName":"search_term_string"}}],"inLanguage":"fr-FR"}]}},"_links":{"self":[{"href":"https:\/\/domaine-des-essarts.com\/index.php\/wp-json\/wp\/v2\/pages\/7","targetHints":{"allow":["GET"]}}],"collection":[{"href":"https:\/\/domaine-des-essarts.com\/index.php\/wp-json\/wp\/v2\/pages"}],"about":[{"href":"https:\/\/domaine-des-essarts.com\/index.php\/wp-json\/wp\/v2\/types\/page"}],"author":[{"embeddable":true,"href":"https:\/\/domaine-des-essarts.com\/index.php\/wp-json\/wp\/v2\/users\/1"}],"replies":[{"embeddable":true,"href":"https:\/\/domaine-des-essarts.com\/index.php\/wp-json\/wp\/v2\/comments?post=7"}],"version-history":[{"count":47,"href":"https:\/\/domaine-des-essarts.com\/index.php\/wp-json\/wp\/v2\/pages\/7\/revisions"}],"predecessor-version":[{"id":453,"href":"https:\/\/domaine-des-essarts.com\/index.php\/wp-json\/wp\/v2\/pages\/7\/revisions\/453"}],"wp:featuredmedia":[{"embeddable":true,"href":"https:\/\/domaine-des-essarts.com\/index.php\/wp-json\/wp\/v2\/media\/255"}],"wp:attachment":[{"href":"https:\/\/domaine-des-essarts.com\/index.php\/wp-json\/wp\/v2\/media?parent=7"}],"curies":[{"name":"wp","href":"https:\/\/api.w.org\/{rel}","templated":true}]}}